 h(b). What is c(-2)?
-10
Let d(b) = -b + 3. Suppose -7*w + 23 = -12. Let v be d(w). Let i(x) be the first derivative of 7*x**2/2 - x + 1. What is i(v)?
-15
Let w(o) be the third derivative of -o**4/6 - o**3/3 + 193*o**2 - 2*o. Give w(-6).
22
Let v(i) be the first derivative of 25*i**2/2 + 14*i + 131. Let z(s) = -11*s - 7. Let n(u) = -2*v(u) - 5*z(u). Determine n(-2).
-3
Let h(b) = -7*b - 2. Let f(r) = 16*r - 13. Let s(q) = -f(q) - 2*h(q). Calculate s(7).
3
Let b(r) = 12*r - 84. Let a(k) = 9*k - 65. Let c(z) = 5*a(z) - 4*b(z). What is c(7)?
-10
Let i(u) = 2*u**2 + 33*u - 6. Let m be i(-17). Suppose m + 7 = -3*s. Let f(g) = g**3 + 5*g**2 - 5*g - 9. Determine f(s).
-15
Let r(c) = -21*c**2 + 548*c - 23. Let t be r(26). Let b(v) = -3*v + 9. Give b(t).
-78
Let g(i) = i**3 + 6*i**2 + 5*i + 3. Let h(q) = 63*q - 5. Let j be h(1). Let b = j + -98. Let d = b + 35. Calculate g(d).
3
Let w(p) = -221 - 3*p - 241 + 484 + 0*p. Suppose 0*t - 3*h + 28 = 4*t, -4*t - 2*h + 32 = 0. What is w(t)?
-8
Suppose -3*m = -92*j + 93*j + 36, -3*j = -4*m - 74. Let l(i) = 6*i**2 + 82*i - 29. Calculate l(m).
-1
Let i(a) = 0 - 2*a + 0. Let u be -1 + (-3 - (-3740)/(-5)). Let d = 749 + u. Calculate i(d).
6
Let b(q) be the second derivative of -q**5/20 + q**4/4 - q**3/3 + 5*q**2 - 564*q. Calculate b(4).
-14
Let k(x) be the second derivative of -x**5/20 + 5*x**4/12 + x**3/2 - 7*x**2 + 19*x + 37. Calculate k(5).
1
Let n(g) = 11*g + 67. Suppose 4188*h + 15 = 4185*h. Determine n(h).
12
Let o(z) = 22*z**2 + 6*z + 5. Suppose -5*y - 2*j = 11, -y = 3*y - 5*j - 11. What is o(y)?
21
Suppose -36 = -a + 2*l, -a - l = -6*a + 171. Let j = a + -32. Let c(v) = v - v**2 - v**3 - j*v**2 - 3 + 0. Calculate c(-3).
-6
Let s(c) be the third derivative of c**5/15 - c**3/6 - 20*c**2. Let z be s(-1). Let t be 16/(-48) + (-20)/z. Let h(g) = -2*g - 8. Give h(t).
6
Let r(x) = -4*x**2 + 78*x - 42. Let t be (323/(-34))/(1/(-2)). Calculate r(t).
-4
Suppose 14*s - 3 = -17. Let n(d) = 6*d**3 + 4*d**2 - 9*d - 1. Let y(g) = -g**3 - 2*g**2 + 1. Let j(w) = s*n(w) - 5*y(w). Calculate j(7).
10
Let w(d) be the third derivative of -1/240*d**6 + 3/8*d**4 + 0*d - 1/40*d**5 + 0 + 0*d**3 - 14*d**2. Let c(y) be the second derivative of w(y). What is c(-2)?
3
Let h(g) = 38*g - 33. Let p(d) = 12*d - 21. Let c(o) = -5*o + 10. Let w(a) = 11*c(a) + 6*p(a). Let y(l) = -4*h(l) + 9*w(l). Give y(5).
-7
Let y(o) = -26*o - 11. Let m(f) = 11*f - 1. Let i(h) = 4*m(h) + 2*y(h). Calculate i(-7).
30
Let a(p) = 526*p**3 - 11 + 78*p - 1009*p**3 + 7*p**2 + 482*p**3. Calculate a(13).
-11
Suppose -2*z = -8*z + 30. Let o = z - -1. Let w(j) = -126*j + 126*j - o*j**2. Determine w(1).
-6
Let j(d) = -d**2 - 6*d + 3. Let o = -531 + 521. Let x(c) = 4*c**2 + 39*c - 18. Let m be x(o). Give j(m).
-13
Let g be (-365)/(-146)*(5 - (-2 - -5)). Let w(j) = -j**3 + 6*j**2 - 6*j. Calculate w(g).
-5
Let m(k) = k**3 + 24*k**2 + 25*k + 42. Let q be m(-23). Let j be 2/((-12)/(-15))*q. Let l(d) = -d**2 - 10*d + 7. Determine l(j).
7
Suppose -i - 5*l + 16 = 0, 5*i - 24 = -7*l + 10*l. Let v(b) be the third derivative of -1/24*b**4 + 0*b**3 + 0*b + i*b**2 + 0. Determine v(-5).
5
Let f(i) be the first derivative of -i**7/840 + i**6/72 + i**5/20 - 3*i**4/8 + 59*i**3 - 179. Let c(x) be the third derivative of f(x). Give c(6).
-9
Let c = 124 - 118. Let y be (12/3)/(c/75). Let s = -54 + y. Let j(d) = -d**2 - 4*d. Give j(s).
0
Let w(b) be the first derivative of 111 + 1/2*b**2 - 22*b. Give w(10).
-12
Let t(w) be the third derivative of w**5/60 - w**3/6 - 11*w**2 - 4. Let m(s) = 2*s**2 + 2*s + 1. Let r(x) = -m(x) + t(x). What is r(-6)?
-26
Let l(f) = 3*f + 8. Let g be (-244)/976*(68 - 0). What is l(g)?
-43
Suppose -2*w + f + f + 12 = 0, 4*f = 3*w - 15. Let o(a) = 179 + 2*a**2 - 2*a - w*a**3 - 3*a**3 - 178. Calculate o(1).
-11
Let v be ((-102)/(17 + 0))/(-1 - 1). Let y(c) = -2*c**3 + 10*c**2 - 13*c + 10. Determine y(v).
7
Let q(t) = t + 7. Suppose -10*b + 259 + 991 = 0. Let k = 53 - b. Let c = k + 64. What is q(c)?
-1
Let o = -22316 - -22316. Let c(v) = -3*v**2 - v + 10. Give c(o).
10
Let k(z) = z**2 + 2*z + 2. Let g = 69 - 65. Suppose -g*m + 128 = -148. Let h = -72 + m. What is k(h)?
5
Let h(f) be the first derivative of -f**3/3 + 3*f**2/2 - 3*f + 14. Suppose -4*s = -66 + 2. Suppose -s*o - 3 = -51. Determine h(o).
-3
Let f(c) = -3*c - 1. Let h(d) = d**3 - 3*d**2 - 4*d + 7. Let w(k) = 183 - 198 - 2*k + 0*k. Let i be w(-9). Let r be h(i). Give f(r).
14
Let q(f) = 14*f - 48*f - 1 - 7*f - 4*f**2. Let r be q(-10). Let v(h) = 8*h + 5 - 1 + 0 - h**2. Determine v(r).
-5
Let u be -6 - (0 + 39/13). Let t(y) = -7*y + 11. Give t(u).
74
Let f be -6*(1/2)/((-2)/(-4)). Let x(q) be the third derivative of q**6/120 + q**5/10 - 5*q**4/24 - 9*q**3/2 - 9*q**2 + 77. Calculate x(f).
3
Suppose 6 + 2 = 4*v. Suppose 0 = q + v*q - 15. Let o(c) = -2 + 12*c - 3 + 18*c - c**3 + 12*c + 5*c**2 - 41*c. Give o(q).
0
Suppose -17*d + 19*d = y + 1, 16 = 2*d + 4*y. Let b(p) be the third derivative of -1/2*p**3 + 1/24*p**4 + 0 + 8*p**d + 0*p. Determine b(5).
2
Let g(a) = 19*a**3 + 12*a**2 + 5*a - 136. Let i(r) = 2*r**3 + r**2 + r - 14. Let q(k) = g(k) - 9*i(k). Calculate q(-3).
2
Let s(f) = 133*f**2 + 7*f - 3*f - 135*f**2 + 1 - 3 + 2*f. Give s(8).
-82
Let c(b) = 9*b + 47. Let q(s) = -19*s - 141. Let h(m) = 5*c(m) + 2*q(m). Give h(15).
58
Let h(v) = v**2 + 7*v + 1. Suppose -27 = -3*w + 2*u, -6 - 19 = -4*w - u. Suppose w*k - 3*l - 17 = 8*k, -3*k + 5*l - 9 = 0. Give h(k).
9
Let l(h) = h**2 - 2*h**2 - 7 - 5 + 4. Let d(c) = -c**2 - 2*c + 3. Let r = 9 + -8. Let u be d(r). Give l(u).
-8
Suppose z - 2 = 5. Let c(j) = 3*j + 8. Let g(x) = 4*x + 8. Let h = 58 + -56. Let t(f) = h*g(f) - 3*c(f). Determine t(z).
-15
Let t = 123 + -119. Suppose -t*j + 12 = -5*n, -5*j - n = 29 - 15. Let p(m) = 2*m. Calculate p(j).
-4
Let t = 4382 + -4379. Let o(y) = -4*y + 3*y - 5*y. Determine o(t).
-18
Let r(k) be the first derivative of -6*k**2 + 20*k + 1098. What is r(1)?
8
Let r(t) = 2*t - 12*t**2 + 3*t**2 + 685 - 679 - t**3 + 0*t. Suppose 34 = -h + 5*l, -12 = 3*h + 4*l - 5. What is r(h)?
-12
Let l(g) = g**3 - 4*g**2 + 6*g - 2. Let p be l(2). Let f be 8 - 8 - -1*p. Let o(w) = w - f*w + 0 + 4 - 2. Determine o(5).
-3
Let d be (-3 - (0 + -1))*-1. Suppose 14*z + 385 = 1155. Let f(c) = -108*c + 57*c + z*c. Determine f(d).
8
Let f = -16 + 24. Let q(s) = -74645 + 74650 - 653*s + 648*s. Give q(f).
-35
Let z(f) be the third derivative of f**4/24 + f**3 - 131*f**2 + 6*f. Let v be (3 - 3)*4/(-8). What is z(v)?
6
Let s(y) = -2*y**3 + 4*y**2 + 2. Suppose -4*z - 40 = -48. Suppose 2*d - 3*a - 18 = 0, -6 = z*d + 5*a + 8. Determine s(d).
-16
Suppose -5*f = -f - 3*p - 34, -3*p = -5*f + 41. Let k(t) = 97*t**2 - 7 - 7*t - 45*t**2 - 51*t**2. Determine k(f).
-7
Let b = 403/1338 + -30/223. Let j(n) be the second derivative of -10*n + b*n**3 + 1/2*n**2 + 5/6*n**4 + 0. What is j(-1)?
10
Let g(z) = 78*z - 89. Let x(b) = -15*b + 15. Let t(p) = 2*g(p) + 11*x(p). What is t(4)?
-49
Let g be ((-38)/8 + 2)*(2 - (-66)/(-11)). Let y(a) = a**3 - 11*a**2 + 8*a - 2. Determine y(g).
86
Let z(r) = 6*r - 1. Let y(a) = -130*a + 5. Let h(d) = -y(d) - 20*z(d). Determine h(-1).
5
Suppose 5 = -7*k + 19. Let v(o) be the third derivative of 0*o + 1/6*o**3 + 0*o**4 - o**k + 7/30*o**5 + 0. What is v(-1)?
15
Let x(u) = 11*u + 2*u**2 + 15000 + 3*u - u**2 - 14994. What is x(-7)?
-43
Let d(r) = -4*r**2 - 6*r + 68. Let w(k) = k + 1. Let o(f) = d(f) + 3*w(f). Let x(z) be the first derivative of o(z). Determine x(-2).
13
Let f be -4*(-2)/4*4. Let d(o) = -22*o - 27*o + 44*o + f. Give d(7).
-27
Let i(u) = 2*u - 5. Let n be i(4). Let j(v) be the third derivative of 1/20*v**5 + 1/6*v**3 - 10*v**2 + 0 - 1/120*v**6 - 1/8*v**4 + 0*v. Give j(n).
-8
Suppose 5*u + 10 = 4*f, 23 = 6*u - 2*u + 3*f. Suppose 19 = 2*d - 3*k, -u*d - 2*d + 14 = 2*k. Let l = -1 - d. Let s(i) = i**3 + 5*i**2 - 4*i + 4. What is s(l)?
-8
Let h(j) be the second derivative of j**5/20 - 5*j**4/3 - 22*j**3/3 + 3*j**2/2 - 7*j + 37. Give h(22).
3
Suppose -29 = h + 11. Let o = 17 - h. Suppose o*x - 61*x = -4. Let k(i) = -i**2 - i. What is k(x)?
-2
Let i(m) be the first derivative of 12*m**2 + 87*m - 6668. Calculate i(-3).
15
Let c(o) = -3*o + 20 + 0*o - 8. Let b(p) = -4*p. Suppose 3*t - 10 = 5*v - 0, 0 = t. Let x be b(v). Calculate c(x).
-